f) - 5*w(f). Let s(l) = -l + 4. Let i be s(4). What are the prime factors of r(i)?
2
Suppose -5*a = -5*x + 3*x - 30, 3*a + x = 7. Suppose -m - 16 = -a*d, 0*m = 4*m - 16. List the prime factors of d.
5
Let q = -5 + 2. Let u = 12 + q. List the prime factors of u.
3
Let c(s) = s**3 + 2*s**2 - 2*s - 1. Let i be c(2). Let n = 18 - i. Let h(k) = -k**3 + 8*k**2 - 7*k + 2. List the prime factors of h(n).
2
Suppose -5*y + 377 = -83. What are the prime factors of y?
2, 23
Suppose -3*i + 0*i - 12 = 0. Let r(a) = 2*a**2 - 5*a + 4. Let g(j) = -3*j**2 + 5*j - 5. Let d(k) = 3*g(k) + 4*r(k). List the prime factors of d(i).
5
Suppose 5*r = -2*s + 1773, 2 = -7*s + 5*s. What are the prime factors of r?
5, 71
Let v be (-2)/7 - (-37)/7. Let i be 2/v + (-141)/15. What are the prime factors of ((-42)/i - 1)*3?
11
Let q be 1*1*(-2 + 1). List the prime factors of q - 9*(-6)/9.
5
Suppose 1 - 5 = -2*y. Suppose 6*b = y*b + 12. Suppose -4*u - 24 = -2*l, -2*l + l - b*u = -7. List the prime factors of l.
2, 5
Let d(w) = 3*w**3 + 11*w**2 + 10*w - 11. Let z(f) = -4*f**3 - 11*f**2 - 9*f + 10. Let a(t) = 3*d(t) + 2*z(t). What are the prime factors of a(-9)?
41
Let o be ((-2)/(-3))/(4/66). Suppose 4*f + 0*i - i = o, 5*f - i - 15 = 0. Suppose f*n - n - 12 = 0. What are the prime factors of n?
2
List the prime factors of 95/((-4)/5 - (-27)/15).
5, 19
Suppose g = -o - 3*o + 28, 188 = 5*g - 4*o. What are the prime factors of g?
2, 3
Let d(b) = b**2 - b + 9. List the prime factors of d(-3).
3, 7
Suppose o = -o + 4*c + 18, 0 = o + 5*c + 5. Suppose 2*t - o = -1. What are the prime factors of t?
2
Let s be -5*(-1 - 1*-2). Let j = 31 + -49. Let a = s - j. What are the prime factors of a?
13
Let n be (-6)/(-15) + (-236)/(-10). Let y = n + -11. List the prime factors of y.
13
Let o(v) = 8*v - 4. Let t(j) = j - 1. Let l be t(4). Let h be o(l). Let u = h + -8. List the prime factors of u.
2, 3
Suppose 0*i - 4 = -i. Suppose i*m + 4*h + 16 = 5*h, 2*h - 4 = m. Let y = 23 + m. What are the prime factors of y?
19
Let x(d) = -1. Let g(q) = -2*q - 1. Let r(v) = g(v) + 6*x(v). List the prime factors of r(-9).
11
Let m(l) = 21*l**2 - 2*l + 1. What are the prime factors of m(2)?
3
Let g(b) = b**2 + 8*b + 2. Let l be g(7). Suppose -4*f = -4, 2*o + l = 7*o + 2*f. What are the prime factors of o?
3, 7
Let a be 0 - 0 - 244*-1. Suppose 4*v + 4*j = a, -4*v + 0*j = j - 232. Suppose -51 = -3*b + 4*p + p, p = -5*b + v. What are the prime factors of b?
2, 3
Let i be -12*1*(-8 + 1). Suppose -4*f + i = 4*n, -2*n + 18 = 5*f - 9. What are the prime factors of n?
2, 13
Let o = -11 + 17. Let l(p) = -p**2 + 8*p - 4. Let h(c) = -5*c**2 + 40*c - 19. Let g(j) = -2*h(j) + 11*l(j). List the prime factors of g(o).
2, 3
Suppose 0 = 4*s + 22 - 18. Let t(i) = -i**2 - 5*i - 6. Let u be t(-4). List the prime factors of (s - 2) + 17 + u.
2, 3
Suppose 3*i = -0*i - 6, -4*i = -2*t + 40. List the prime factors of t.
2
Let a(w) = 2*w**2 - 7*w - 8. Let i(m) = m**3 + 4*m**2 + 3*m + 4. Let f be i(-3). Let t = f - -2. What are the prime factors of a(t)?
2, 11
Suppose 6*n = n + 35. Let z(a) = a - 8. Let k be z(n). Let p(v) = 4*v**2 - v. List the prime factors of p(k).
5
Let q(r) = -3*r + 3. Let d be q(3). Let p be (-1)/5 + (-288)/(-15). List the prime factors of p/4 + d/8.
2
Let m(d) = 161*d**3 + d**2 - d. What are the prime factors of m(1)?
7, 23
Let a(j) = 9*j - 5. What are the prime factors of a(5)?
2, 5
Let c be (-4 - -2)/2 - -51. What are the prime factors of c/(-5)*(-3)/5?
2, 3
Let a = 0 + 8. Suppose 3*s + 23 = a. What are the prime factors of 4/s*(-45)/2?
2, 3
Let x = -3 + 5. Suppose 16 + x = 2*b. List the prime factors of b.
3
List the prime factors of 1*2 + (-396)/(-12).
5, 7
Suppose 0*m = -m + 2. Suppose 0 = 2*c + p - 0 + 1, 4*p + 4 = -m*c. Suppose c = 3*j - 4 - 11. What are the prime factors of j?
5
Let b = -6 - -2. Let d = 3 + b. What are the prime factors of (d - 0)/((-3)/15)?
5
Suppose 0*c + 6 = 3*c. Let o be 6 - 0 - (-3 + c). Let a = o + -5. List the prime factors of a.
2
Suppose -5 - 18 = -l. What are the prime factors of l?
23
Let y(n) = -7*n + 18. Let u be y(12). List the prime factors of u/(-55)*(-55)/(-2).
3, 11
Suppose 7 = 2*t - 5. Suppose 0 = -j - 3*f + t*f - 3, 4*j = 5*f - 12. Let o = 8 + j. What are the prime factors of o?
5
Let y(w) = -6*w + 2 - w**2 - 2*w + 0*w. Let f be y(-7). Let h = -5 + f. List the prime factors of h.
2
Let r = 34 - 20. Let j = -1 + r. What are the prime factors of j?
13
List the prime factors of (2 - 12/8)/(3/96).
2
Let x(j) = -j**3 + 6*j**2 + j - 2. List the prime factors of x(5).
2, 7
Let p(m) = m + 3. Suppose -5*a = -0*a. Let w be p(a). Suppose 5*r - 12 = r - f, -12 = w*f. What are the prime factors of r?
2
Let h(x) = 6*x - 5. List the prime factors of h(4).
19
Suppose -4*k = -u + 3*u - 608, 5*u = 5*k + 1475. What are the prime factors of u?
2, 149
Suppose 4*z = 2*k + 12, 5*z + 2 = -4*k + 4. Suppose g = z*g + 12. Let p = g - -17. What are the prime factors of p?
5
Let w(q) be the second derivative of 9*q**5/20 - q**4/12 - 3*q. What are the prime factors of w(1)?
2
Let q(k) = 4*k**2 - 4*k + 24. List the prime factors of q(5).
2, 13
Let u be ((-5)/3)/((-1)/3). Suppose -b = -3 - 1. Suppose -4*r - 24 = -2*a, r + b = u. List the prime factors of a.
2, 7
Suppose -2*x - 30 = 2. Let f(p) = p + 23. What are the prime factors of f(x)?
7
Let h(p) = -p**3 + 9*p**2 + 2. Let a be h(9). Suppose 0 = -a*s + 2. What are the prime factors of (9 - -1) + (3 - s)?
2, 3
Suppose -2*d + 3*t + 116 = -t, 0 = -5*d + 3*t + 262. List the prime factors of d.
2, 5
Suppose -f + 46 = -o - 46, -280 = -3*f + 4*o. What are the prime factors of f?
2, 11
Suppose -2*l + 3*h = 67, -5*l - 3*h + 16 = 194. Let u be (-14)/l - (-66)/10. Suppose 0 = 6*g - u*g + 19. What are the prime factors of g?
19
Let c = 20 - 8. Suppose 2*w = 5*w - c. List the prime factors of (w/6)/(2/24).
2
Let t(u) = 16*u - 17. What are the prime factors of t(3)?
31
Suppose -h + 1 = 5. Let j(k) = -k**3 - 3*k**2 + k + 1. List the prime factors of j(h).
13
Suppose 6 = 3*n, 0 = -3*s - 3*n - 0*n + 60. What are the prime factors of s?
2, 3
What are the prime factors of 5/(-2)*(-208)/65?
2
Suppose -k - 2 = -3*p, 0 = 6*p - 3*p + 2*k - 5. Let l be (0/(-3))/(-2) + -2. Let i = p - l. List the prime factors of i.
3
Let f = -130 - -244. What are the prime factors of f?
2, 3, 19
Let i be (-1 - 0)*(-1 - -4). Let d = i + 3. Let q = d + 2. What are the prime factors of q?
2
Let m(r) = -r**2 + 11*r - 9. Let a be m(9). What are the prime factors of a/(3*(-1)/(-9))?
3
Let i(v) = -5*v**3 - 2*v**2 + v + 2. List the prime factors of i(-2).
2
Let f(j) = 2*j + 12. What are the prime factors of f(9)?
2, 3, 5
Let d(f) = 34*f**3 + f**2 - f + 1. What are the prime factors of d(1)?
5, 7
Let o(a) = 2*a**2 - 4*a - 1. Let j be o(4). Suppose -b + j = -0*b. What are the prime factors of b?
3, 5
Let c(y) = 5*y**2 - 17*y + 2. Let a(n) = 3*n**2 - 9*n + 1. Let j(d) = 11*a(d) - 6*c(d). Let v be -1*1 - (10 - 13). List the prime factors of j(v).
17
Let m(i) = 2*i**2 + 4*i. Let u(a) = -a**3 + a**2 + 3. Let w be u(0). Suppose 3*t + 14 = z, 2*t + w*z - 7 = 2. List the prime factors of m(t).
2, 3
Suppose -4*n + 42 - 18 = 0. Let s(v) = 7*v - 6. Let y(c) = 8*c - 7. Let o(j) = n*s(j) - 5*y(j). What are the prime factors of o(5)?
3
Let d be 20/(-10) + (-4)/(-2). Suppose -5*i = -d*i - 55. What are the prime factors of i?
11
Let v = 78 - 50. Suppose 0 = -2*x - 4*a + 3*a + 14, -v = -5*x + a. What are the prime factors of x?
2, 3
Let k = 2 - -20. What are the prime factors of k?
2, 11
Let c = 100 - 56. List the prime factors of (-8)/c + (-321)/(-11).
29
Let o(k) = 2*k + 2. Let p be o(-5). Let t = p + 13. Suppose t*s - 2*s = 48. List the prime factors of s.
2
Let a(k) = -k**2 + 4*k - 3. Let w be a(2). List the prime factors of w*(3 + 0/(-3)).
3
Let m be 0/((2 - 1) + -3). Suppose 2*j + m*j = 20. What are the prime factors of j?
2, 5
Let h(p) = 3*p**2 - 4*p - 3. Let f be (-5)/(15/6) + 0. List the prime factors of h(f).
17
Let b(q) = 3*q**2 + 2. Let s be 2 + -5 + 2 + -1. Let w be b(s). List the prime factors of 4/w - (-162)/21.
2
Let l = 80 + -31. List the prime factors of l.
7
Let a(t) = -t**3 - 2*t**2 + 2*t + 4. Suppose 1 = 3*n + 22. Let d = n - -4. List the prime factors of a(d).
7
Suppose -5*s + 2*s = -60. Li